(v) = -2. Let u(n) = 5*n - 53. Let f(b) = s(b) + u(b). Let y be f(9). Let a be (24/y)/(4/(-10)). Determine l(a).
-6
Let p(x) = -x + 4. Let q = 57 + -76. Let l(y) = -y**2 - 17*y + 42. Let h be l(q). Give p(h).
0
Let o(n) = n**3 - 67*n**2 + 86*n - 5771. Let m be o(67). Let t(y) = y**2 + 14*y + 3. Give t(m).
-42
Suppose 3*k = 8*l - 93, 0 = -2*k + 4*l - 46 - 8. Let c(v) = v**3 + 20*v**2 - 4*v + 9. Let r(h) = h**2 - h. Let x(w) = -c(w) + 5*r(w). Calculate x(k).
6
Let q(f) = -f**3 - 15*f**2 + 26*f + 33. Let x be q(-17). Let g = x + -42. Let d(i) = -1 - 118*i**2 + 2 + g*i**2. What is d(1)?
10
Let d(f) be the second derivative of -f**3/6 - 15*f**2/2 + 4*f + 222. Suppose -4*l - 7 = 33. What is d(l)?
-5
Let l(j) = 12*j + 49. Let z be 190/(-76) - (-27)/(-6). Calculate l(z).
-35
Let u(c) = 19*c + 21672901 + c - 21672497. What is u(-20)?
4
Suppose 0 = 12*b - 13*b - 4*g - 276, 2*b + 516 = 4*g. Let q = b + 275. Let p(u) = u - 10. Determine p(q).
1
Let s be (-441)/(-51) + (-456)/(-1292). Let y(n) = n**3 - 8*n**2 - 8*n - 3. What is y(s)?
6
Let h(r) = 2*r**3 - 8*r**2 - 7*r + 9. Let u(q) = -q**2 - 205*q - 1760. Let o be u(-9). What is h(o)?
-19
Let f(a) = -a**3 + 4*a**2 + 5*a - 7. Let d = 176 + -156. Let v be (3 + -3)/(-3) - -4. Suppose k = 5*t + 5, -v*k = -0*k + 4*t - d. Give f(k).
-7
Let v(m) = 5*m**2 - 7*m + 20. Let b = 4572 - 4567. What is v(b)?
110
Let z(u) be the third derivative of -u**5/60 + u**4/24 + 13*u**3/3 + u**2 - 2148*u. What is z(6)?
-4
Suppose 22*t - 16*t - 60 = 0. Let h(g) = -15*g**2 - 7 + 26*g**2 + t*g - 21*g**2 - g**3. Determine h(-11).
4
Let j(g) = -25*g + 5. Let w be j(-13). Let a(t) = -110 + w - t - 107 - 112. Give a(9).
-8
Let p(f) = 4 - 10*f + 43 + 10*f + 5956*f**3 - 5957*f**3. Calculate p(0).
47
Suppose 3*o + 2*b - 2 = 0, 3*b + 16 = 3*o - 2*b. Let g be -9 - (o/10 - (-56)/70). Let r(j) = -j - 1. Calculate r(g).
9
Let l(s) = -8927*s**2 + 8898*s**2 + 3 - 2. Give l(1).
-28
Let v(w) = -1248*w - 1243. Let x be v(-1). Let j(t) = -23*t + 31. Calculate j(x).
-84
Let f be 2*-2*(-5)/(-140)*21. Let b be (f/(-2))/(18/24). Let a(d) = 8*d - 1. Give a(b).
15
Let w(m) = m + 0 - 3 + 6. Suppose 4*d + 6 + 10 = 3*f, -4*d - 36 = 2*f. Let a be w(d). Let b(y) = y - 4. Determine b(a).
-8
Let h(g) = -g**2 - 128*g + 255. Let m be h(2). Let k(o) = -o**3 - 3*o**2 + 5*o. Give k(m).
25
Let i(w) = 6*w - 8. Let t(z) = 908*z - 9990. Let j be t(11). Calculate i(j).
-20
Let v(u) = 13*u**2 + u + 31. Let z be v(9). Let g(d) = -z*d + 2197*d - 1101*d. What is g(-4)?
-12
Let i(o) = o**2 + 8*o - 5. Let k(p) = -6*p - 63. Let x be k(-11). Suppose -t = -4*a + x + 3, -4*t - a = 41. Give i(t).
15
Let z(a) be the third derivative of 0 - 12*a**2 + 0*a + 1/24*a**4 - 1/3*a**3. Let d be z(2). Let s(i) = -i + 3. What is s(d)?
3
Let f(u) be the third derivative of 13*u**4/24 + u**3/2 - 3598*u**2 + 1. Suppose -3*x + 0 = -3. Let o = -1 - x. Determine f(o).
-23
Let q(g) = -25*g**3 + g. Let w(b) = b**2 + 34*b - 70. Let y be w(-36). Suppose -2*l - 5*f = 13, -y*l + 6 = -f + 1. Determine q(l).
-24
Let l = 1242 - 1240. Let h(x) = x + 3*x - 3*x - 1. Let c be h(l). Let u(o) = -9*o**2 - o. Give u(c).
-10
Let d be 1/(-10 - 336/(-30)). Let g(j) be the second derivative of 3*j - d*j**3 + 1/12*j**4 + 0 + 5/2*j**2. Give g(6).
11
Let z(y) = -y**3 + 51*y**2 - 49*y - 17. Let q be z(50). Let p(g) = -q + 63 - 21 + 2*g. Give p(-6).
-3
Let b(y) = y**2 + 76*y + 484. Let r be b(-69). Let q(i) = 9*i**2 + i - 1. What is q(r)?
9
Suppose -82*d - 43*d = -1125. Suppose -4*n = -5*f - 20, -2*f = n - 4 - 1. Suppose -3*b + 3*r = d, -2*b + 5 = -n*b + r. Let q(v) = -5*v - 1. What is q(b)?
4
Let g be (-1 + 1)*318/(-2544). Let d(z) be the second derivative of -7/6*z**3 + 12*z + z**2 + 1/12*z**4 + g. Give d(4).
-10
Suppose -1 = 4*m + 3*a - 6, m - a = 10. Let w(h) = -h**3 + 2*h**2 + 14*h + 6. Let d be w(m). Let z(i) = -6*i**2 + 2. Give z(d).
-4
Let h = 4592 - 4580. Let a(r) = 4*r - 62. What is a(h)?
-14
Suppose 3*n + 52 = 2*t, -3*n + 64*t - 57 = 61*t. Let d(i) = -i**2 - 18*i - 16. What is d(n)?
40
Let t = -246 + 197. Let m = -49 - t. Let q(w) = -w**2 - 15. Determine q(m).
-15
Let t(g) = -2*g**3 - 13*g**2 - 22*g - 27. Suppose -97*h + 96*h - 22 = 4*u, 0 = -4*u + 4*h - 12. Determine t(u).
8
Let q(f) = -2 + 21*f**2 - 1 - f**3 - 21*f**2 - f**2 + 3*f + 4*f**2. Let s be 3*(0 + (-33)/9). Let r = -8 - s. Give q(r).
6
Suppose 5*u - 2 = -7. Let d(p) = 6*p**2 - 2*p + 2010. Let o(l) = 9*l**2 - 3*l + 2814. Let z(i) = 7*d(i) - 5*o(i). Give z(u).
-4
Let t(m) = m**2 + 17*m - 8. Let y be 4 + -85*(-23)/(-115). What is t(y)?
-60
Let y = 9042 - 9040. Let i(l) = 2*l**3 - l**2 + l - 4. What is i(y)?
10
Let k(g) = -11*g**2 + g + 38. Let y(b) = -12*b**2 + b + 45. Let j(h) = -6*k(h) + 5*y(h). Determine j(3).
48
Let s(q) be the third derivative of q**5/60 - q**4/8 - 53*q**3/3 + 2*q**2 + 182*q + 2. Calculate s(11).
-18
Let q(u) = -1. Let m(z) be the third derivative of -z**5/12 - z**4/8 + 5*z**3/6 + 17*z**2. Let a = 155 + -156. Let n(t) = a*m(t) - 6*q(t). What is n(-2)?
15
Let l(p) = -2480*p**2 - 2464*p**2 + 4945*p**2 + 72 + 41*p. What is l(-39)?
-6
Let p(m) = 3*m**2 - 1 + 2*m**2 + m**3 + 2*m - 2*m**2. Let v be 12/(-30) + 512/96*6/(-20). Give p(v).
-1
Let v = 259 - 222. Suppose -v*y + 35 = -30*y. Let c(k) = -k**2 + 7*k + 1. Give c(y).
11
Let s(p) = -p + 2. Suppose -5*w - 6*w = -77. Suppose 10*r = w*r - 42. Let t be (-4 - (-62)/14) + (-120)/r. Give s(t).
-7
Let r(l) = -12*l**2 - 6*l - 2. Let b be r(-3). Let z = 91 + b. Let g(n) = -n**2. Calculate g(z).
-1
Let w(m) = 9*m**2 + 4*m + 5. Suppose -2*v - 7*v + v = 14*v. Calculate w(v).
5
Suppose 168*d - 2335 - 2195 = 17*d. Let h(b) = 19*b - 571. Calculate h(d).
-1
Let x(j) be the second derivative of -j**5/20 + 5*j**4/12 + 7*j**3/6 - 3*j**2/2 + 50*j + 60. Determine x(5).
32
Let o(s) be the second derivative of -11*s**5/20 - s**4/12 + s**3 - 5*s**2/2 + 36*s + 2. Let d be o(1). Let z(l) = l**2 + 13*l + 27. What is z(d)?
5
Let n(v) = -6*v. Suppose -2*q + 26 = -2*t, 3*q = -5*t - q - 47. Let s = 1 - t. Let j be 4/6 - 20/s. Calculate n(j).
6
Let z be (53 - (-1189)/(-41)) + -25. Let h(n) = 20*n - 1. Let j(d) = -d. Let i(c) = -h(c) - 5*j(c). Determine i(z).
16
Let q(l) = l**3 + 6*l**2 - 4*l - 9. Suppose 20*w - 513 = 11*w. Suppose 27*y + 246 = w. What is q(y)?
-30
Let w(u) = -u - 1. Suppose 2*l + 33 = 5*i, 2*l + 117 = -3*l + i. Let o be (-16)/l*15/2. Suppose -o*s + 26 = 2*f + 5, 0 = -2*s - 5*f. What is w(s)?
-6
Let x(d) = -4*d + 10*d**2 + 1 + 0 - 3*d**3 + 2*d**3 - 5*d. Suppose -3*g = 5*r - 32, 5*g + 5*r - 31 - 19 = 0. What is x(g)?
1
Let i(x) = 8*x**3 + 14*x**2 - 12*x + 1. Let j(b) = 13*b**3 + 22*b**2 - 19*b + 1. Let d(m) = -8*i(m) + 5*j(m). Let t = 143 - 141. Give d(t).
-1
Let t(y) = 579 + 9*y**2 - 529*y - 494 + 583*y - 13*y**2. What is t(15)?
-5
Suppose 16*j = -2*j + 396. Let n(t) = -j + 27*t - 18 - t + 41 + 0*t. Give n(-1).
-25
Let m(j) = -3*j**2 - 1 + 2*j - j**3 + 10*j**2 - 6*j + 0*j. Suppose -4*z + 7 + 1 = 0. Suppose 6 = z*t - 6. Give m(t).
11
Let a(d) = -27*d + 1. Let m(g) = -8*g - g + 0 + 2 + 7*g. Let v(o) = a(o) - 2*m(o). Give v(-2).
43
Let b be -1*(0 - -2)*1. Let n(c) = 5*c**2 - 4*c - 8*c - 5 + 20*c + 10*c. Let l(x) = x**2 + 4*x - 1. Let s(d) = -9*l(d) + 2*n(d). Calculate s(b).
3
Let b(q) = q**2 - 3*q. Suppose 3*c - c = 60. Suppose 72 = -c*o + 24*o. Let a = -8 - o. Determine b(a).
4
Let k(u) = -u - 18. Let z(w) = -w - 19. Let o(g) = 2*k(g) - 3*z(g). What is o(-5)?
16
Let p be 438/2*45/54*2. Let q = 373 - p. Let y(d) = 3*d - 24. Give y(q).
0
Let k(c) = c**2 + 6*c + 2. Let p be k(-6). Let m be (0 + -2 + 0)/p. Let w(j) = -j - 189 + 189 + 12*j. What is w(m)?
-11
Suppose -1949*h = -1920*h + 29. Let n(d) = -11*d. Let p = 11 - 6. Let m(g) = -10*g. Let z(o) = p*m(o) - 4*n(o). What is z(h)?
6
Let q(w) = 3*w + 246 + w + 254 - 514. Determine q(8).
18
Let i be 20/2*27/(-18). Let r(j) = j + 15. Determine r(i).
0
Let s(c) = 2*c**2 - c + 2. Let n(r) = 19 + 9*r**2 - 8 - 10 - 8*r**2. Let d(v) = -5*n(v) + 3*s(v). Calculate d(4).
5
Let y(v) = v**3 + 6*v**2 + v - 1. Let t = 183 - 180. Suppose 0 = -3*g - 3*k - 1 - 2, 0 = t*g - 5*k + 27. What is y(g)?
27
Let f(x) be the second derivative of 1/3*x**3 + 1/2*x**2 - 4 - 12*x. Calculate f(-5).
-9
Let t(y) = -y**2 + 14*y - 10. Let u(d) = 14*d**2 - 40*d + 6. Let c be u(3). What is t(c)?
